{"id":880,"date":"2022-06-23T10:14:40","date_gmt":"2022-06-23T10:14:40","guid":{"rendered":"https:\/\/kongreshistorykowjezyka2023.us.edu.pl\/?page_id=880"},"modified":"2023-04-25T12:22:31","modified_gmt":"2023-04-25T12:22:31","slug":"organizacja","status":"publish","type":"page","link":"https:\/\/kongreshistorykowjezyka2023.us.edu.pl\/index.php\/organizacja\/","title":{"rendered":"Organizacja"},"content":{"rendered":"<p>Szanowni Pa\u0144stwo,<\/p>\n<p>z przyjemno\u015bci\u0105 informujemy, \u017ce w dniach <strong>27\u201328 czerwca 2023 r. w Katowicach<\/strong> odb\u0119dzie si\u0119 II Kongres Historyk\u00f3w J\u0119zyka. Organizatorem tego wydarzenia naukowego jest Uniwersytet \u015al\u0105ski. Ide\u0105 Kongresu jest namys\u0142 nad problemami odnosz\u0105cymi si\u0119 do opisu i interpretacji zjawisk historycznych lub\u00a0 maj\u0105cych swoje \u017ar\u00f3d\u0142a w historii j\u0119zyka. Planowane spotkanie stanie si\u0119 po raz drugi platform\u0105 dyskusji nad dokonaniami naukowymi dyscypliny, refleksji nad kondycj\u0105 j\u0119zykoznawstwa diachronicznego, jego mo\u017cliwo\u015bci, ogranicze\u0144 i miejsca we wsp\u00f3\u0142czesnej lingwistyce.<\/p>\n<p>Prosimy Wszystkich zainteresowanych o uwzgl\u0119dnienie tego wydarzenia w swoich przysz\u0142orocznych planach naukowych.<\/p>\n<div class=\"hrule clearfix\"><\/div>\n<p style=\"text-align: center;\"><strong>Komitet Organizacyjny II Kongresu Historyk\u00f3w J\u0119zyka<\/strong><\/p>\n<p>&nbsp;<\/p>\n<p>&nbsp;<\/p>\n<style type=\"text\/css\">\n#foogallery-gallery-3964 .fg-image { width: 250px; }\n#foogallery-gallery-3964 { --fg-gutter: 15px; }<\/style>\n\t\t\t<div class=\"foogallery foogallery-container foogallery-default foogallery-lightbox-none fg-center fg-m-col2 fg-default fg-ready fg-light fg-border-thin fg-shadow-outline fg-loaded-fade-in fg-hover-scale fg-caption-hover fg-hover-fade fg-hover-zoom\" id=\"foogallery-gallery-3964\" data-foogallery=\"{&quot;item&quot;:{&quot;showCaptionTitle&quot;:true,&quot;showCaptionDescription&quot;:true},&quot;lazy&quot;:true}\" style=\"--fg-title-line-clamp: 0; --fg-description-line-clamp: 0;\" >\n\t<div class=\"fg-item fg-type-image fg-idle\"><figure class=\"fg-item-inner\"><a href=\"https:\/\/kongreshistorykowjezyka2023.us.edu.pl\/wp-content\/uploads\/2022\/09\/01.jpg\" data-attachment-id=\"3936\" data-type=\"image\" class=\"fg-thumb\"><span class=\"fg-image-wrap\"><img fetchpriority=\"high\" decoding=\"async\" alt=\"Zdj\u0119cie Pani profesor\" width=\"250\" height=\"330\" class=\"skip-lazy fg-image\" data-src-fg=\"https:\/\/kongreshistorykowjezyka2023.us.edu.pl\/wp-content\/uploads\/cache\/2022\/09\/01\/1151920159.jpg\" src=\"data:image\/svg+xml,%3Csvg%20xmlns%3D%22http%3A%2F%2Fwww.w3.org%2F2000%2Fsvg%22%20width%3D%22250%22%20height%3D%22330%22%20viewBox%3D%220%200%20250%20330%22%3E%3C%2Fsvg%3E\" loading=\"eager\"><\/span><span class=\"fg-image-overlay\"><\/span><\/a><\/figure><div class=\"fg-loader\"><\/div><\/div><div class=\"fg-item fg-type-image fg-idle\"><figure class=\"fg-item-inner\"><a href=\"https:\/\/kongreshistorykowjezyka2023.us.edu.pl\/wp-content\/uploads\/2022\/09\/02.jpg\" data-attachment-id=\"3937\" data-type=\"image\" class=\"fg-thumb\"><span class=\"fg-image-wrap\"><img decoding=\"async\" alt=\"Zdj\u0119cie Pani profesor\" width=\"250\" height=\"330\" class=\"skip-lazy fg-image\" data-src-fg=\"https:\/\/kongreshistorykowjezyka2023.us.edu.pl\/wp-content\/uploads\/cache\/2022\/09\/02\/1142948134.jpg\" src=\"data:image\/svg+xml,%3Csvg%20xmlns%3D%22http%3A%2F%2Fwww.w3.org%2F2000%2Fsvg%22%20width%3D%22250%22%20height%3D%22330%22%20viewBox%3D%220%200%20250%20330%22%3E%3C%2Fsvg%3E\" loading=\"eager\"><\/span><span class=\"fg-image-overlay\"><\/span><\/a><\/figure><div class=\"fg-loader\"><\/div><\/div><div class=\"fg-item fg-type-image fg-idle\"><figure class=\"fg-item-inner\"><a href=\"https:\/\/kongreshistorykowjezyka2023.us.edu.pl\/wp-content\/uploads\/2022\/09\/03.png\" data-attachment-id=\"3938\" data-type=\"image\" class=\"fg-thumb\"><span class=\"fg-image-wrap\"><img decoding=\"async\" alt=\"Zdj\u0119cie Pani doktor\" width=\"250\" height=\"330\" class=\"skip-lazy fg-image\" data-src-fg=\"https:\/\/kongreshistorykowjezyka2023.us.edu.pl\/wp-content\/uploads\/cache\/2022\/09\/03\/1123806836.png\" src=\"data:image\/svg+xml,%3Csvg%20xmlns%3D%22http%3A%2F%2Fwww.w3.org%2F2000%2Fsvg%22%20width%3D%22250%22%20height%3D%22330%22%20viewBox%3D%220%200%20250%20330%22%3E%3C%2Fsvg%3E\" loading=\"eager\"><\/span><span class=\"fg-image-overlay\"><\/span><\/a><\/figure><div class=\"fg-loader\"><\/div><\/div><div class=\"fg-item fg-type-image fg-idle\"><figure class=\"fg-item-inner\"><a href=\"https:\/\/kongreshistorykowjezyka2023.us.edu.pl\/wp-content\/uploads\/2022\/09\/04.jpg\" data-attachment-id=\"3939\" data-type=\"image\" class=\"fg-thumb\"><span class=\"fg-image-wrap\"><img decoding=\"async\" alt=\"Zdj\u0119cie doktora Jaros\u0142awa Pacu\u0142y\" width=\"250\" height=\"330\" class=\"skip-lazy fg-image\" data-src-fg=\"https:\/\/kongreshistorykowjezyka2023.us.edu.pl\/wp-content\/uploads\/cache\/2022\/09\/04\/3148087721.jpg\" src=\"data:image\/svg+xml,%3Csvg%20xmlns%3D%22http%3A%2F%2Fwww.w3.org%2F2000%2Fsvg%22%20width%3D%22250%22%20height%3D%22330%22%20viewBox%3D%220%200%20250%20330%22%3E%3C%2Fsvg%3E\" loading=\"eager\"><\/span><span class=\"fg-image-overlay\"><\/span><\/a><\/figure><div class=\"fg-loader\"><\/div><\/div><div class=\"fg-item fg-type-image fg-idle\"><figure class=\"fg-item-inner\"><a href=\"https:\/\/kongreshistorykowjezyka2023.us.edu.pl\/wp-content\/uploads\/2022\/09\/06.jpg\" data-attachment-id=\"3941\" data-type=\"image\" class=\"fg-thumb\"><span class=\"fg-image-wrap\"><img decoding=\"async\" alt=\"Zdj\u0119cie Pani profesor\" width=\"250\" height=\"330\" class=\"skip-lazy fg-image\" data-src-fg=\"https:\/\/kongreshistorykowjezyka2023.us.edu.pl\/wp-content\/uploads\/cache\/2022\/09\/06\/3092371263.jpg\" src=\"data:image\/svg+xml,%3Csvg%20xmlns%3D%22http%3A%2F%2Fwww.w3.org%2F2000%2Fsvg%22%20width%3D%22250%22%20height%3D%22330%22%20viewBox%3D%220%200%20250%20330%22%3E%3C%2Fsvg%3E\" loading=\"eager\"><\/span><span class=\"fg-image-overlay\"><\/span><\/a><\/figure><div class=\"fg-loader\"><\/div><\/div><div class=\"fg-item fg-type-image fg-idle\"><figure class=\"fg-item-inner\"><a href=\"https:\/\/kongreshistorykowjezyka2023.us.edu.pl\/wp-content\/uploads\/2022\/09\/07.jpg\" data-attachment-id=\"3942\" data-type=\"image\" class=\"fg-thumb\"><span class=\"fg-image-wrap\"><img decoding=\"async\" alt=\"Zdj\u0119cie Pani doktor\" width=\"250\" height=\"330\" class=\"skip-lazy fg-image\" data-src-fg=\"https:\/\/kongreshistorykowjezyka2023.us.edu.pl\/wp-content\/uploads\/cache\/2022\/09\/07\/1031987854.jpg\" src=\"data:image\/svg+xml,%3Csvg%20xmlns%3D%22http%3A%2F%2Fwww.w3.org%2F2000%2Fsvg%22%20width%3D%22250%22%20height%3D%22330%22%20viewBox%3D%220%200%20250%20330%22%3E%3C%2Fsvg%3E\" loading=\"eager\"><\/span><span class=\"fg-image-overlay\"><\/span><\/a><\/figure><div class=\"fg-loader\"><\/div><\/div><\/div>\n\n<p>&nbsp;<\/p>\n<p style=\"text-align: center;\"><strong>Komitet Naukowy II Kongresu Historyk\u00f3w J\u0119zyka<\/strong><\/p>\n<p>&nbsp;<\/p>\n<style type=\"text\/css\">\n#foogallery-gallery-4036 .fg-image { width: 250px; }\n#foogallery-gallery-4036 { --fg-gutter: 15px; }<\/style>\n\t\t\t<div class=\"foogallery foogallery-container foogallery-default foogallery-lightbox-none fg-center fg-default fg-ready fg-light fg-border-thin fg-shadow-outline fg-loading-default fg-loaded-fade-in fg-caption-hover fg-hover-fade fg-hover-zoom\" id=\"foogallery-gallery-4036\" data-foogallery=\"{&quot;item&quot;:{&quot;showCaptionTitle&quot;:true,&quot;showCaptionDescription&quot;:true},&quot;lazy&quot;:true}\" style=\"--fg-title-line-clamp: 0; --fg-description-line-clamp: 0;\" >\n\t<div class=\"fg-item fg-type-image fg-idle\"><figure class=\"fg-item-inner\"><a href=\"https:\/\/kongreshistorykowjezyka2023.us.edu.pl\/wp-content\/uploads\/2022\/09\/08.jpg\" data-attachment-id=\"3943\" data-type=\"image\" class=\"fg-thumb\"><span class=\"fg-image-wrap\"><img decoding=\"async\" alt=\"Zdj\u0119cie profesora\" width=\"250\" height=\"330\" class=\"skip-lazy fg-image\" data-src-fg=\"https:\/\/kongreshistorykowjezyka2023.us.edu.pl\/wp-content\/uploads\/cache\/2022\/09\/08\/1581568405.jpg\" src=\"data:image\/svg+xml,%3Csvg%20xmlns%3D%22http%3A%2F%2Fwww.w3.org%2F2000%2Fsvg%22%20width%3D%22250%22%20height%3D%22330%22%20viewBox%3D%220%200%20250%20330%22%3E%3C%2Fsvg%3E\" loading=\"eager\"><\/span><span class=\"fg-image-overlay\"><\/span><\/a><\/figure><div class=\"fg-loader\"><\/div><\/div><div class=\"fg-item fg-type-image fg-idle\"><figure class=\"fg-item-inner\"><a href=\"https:\/\/kongreshistorykowjezyka2023.us.edu.pl\/wp-content\/uploads\/2022\/09\/09.jpg\" data-attachment-id=\"3944\" data-type=\"image\" class=\"fg-thumb\"><span class=\"fg-image-wrap\"><img decoding=\"async\" alt=\"Zdj\u0119cie Pani profesor\" width=\"250\" height=\"330\" class=\"skip-lazy fg-image\" data-src-fg=\"https:\/\/kongreshistorykowjezyka2023.us.edu.pl\/wp-content\/uploads\/cache\/2022\/09\/09\/2384156047.jpg\" src=\"data:image\/svg+xml,%3Csvg%20xmlns%3D%22http%3A%2F%2Fwww.w3.org%2F2000%2Fsvg%22%20width%3D%22250%22%20height%3D%22330%22%20viewBox%3D%220%200%20250%20330%22%3E%3C%2Fsvg%3E\" loading=\"eager\"><\/span><span class=\"fg-image-overlay\"><\/span><\/a><\/figure><div class=\"fg-loader\"><\/div><\/div><div class=\"fg-item fg-type-image fg-idle\"><figure class=\"fg-item-inner\"><a href=\"https:\/\/kongreshistorykowjezyka2023.us.edu.pl\/wp-content\/uploads\/2022\/09\/10.jpg\" data-attachment-id=\"3945\" data-type=\"image\" class=\"fg-thumb\"><span class=\"fg-image-wrap\"><img decoding=\"async\" alt=\"Zdj\u0119cie profesora\" width=\"250\" height=\"330\" class=\"skip-lazy fg-image\" data-src-fg=\"https:\/\/kongreshistorykowjezyka2023.us.edu.pl\/wp-content\/uploads\/cache\/2022\/09\/10\/136885309.jpg\" src=\"data:image\/svg+xml,%3Csvg%20xmlns%3D%22http%3A%2F%2Fwww.w3.org%2F2000%2Fsvg%22%20width%3D%22250%22%20height%3D%22330%22%20viewBox%3D%220%200%20250%20330%22%3E%3C%2Fsvg%3E\" loading=\"eager\"><\/span><span class=\"fg-image-overlay\"><\/span><\/a><\/figure><div class=\"fg-loader\"><\/div><\/div><div class=\"fg-item fg-type-image fg-idle\"><figure class=\"fg-item-inner\"><a href=\"https:\/\/kongreshistorykowjezyka2023.us.edu.pl\/wp-content\/uploads\/2022\/09\/11.jpg\" data-attachment-id=\"3946\" data-type=\"image\" class=\"fg-thumb\"><span class=\"fg-image-wrap\"><img decoding=\"async\" alt=\"Zdj\u0119cie profesora\" width=\"250\" height=\"330\" class=\"skip-lazy fg-image\" data-src-fg=\"https:\/\/kongreshistorykowjezyka2023.us.edu.pl\/wp-content\/uploads\/cache\/2022\/09\/11\/2382070156.jpg\" src=\"data:image\/svg+xml,%3Csvg%20xmlns%3D%22http%3A%2F%2Fwww.w3.org%2F2000%2Fsvg%22%20width%3D%22250%22%20height%3D%22330%22%20viewBox%3D%220%200%20250%20330%22%3E%3C%2Fsvg%3E\" loading=\"eager\"><\/span><span class=\"fg-image-overlay\"><\/span><\/a><\/figure><div class=\"fg-loader\"><\/div><\/div><div class=\"fg-item fg-type-image fg-idle\"><figure class=\"fg-item-inner\"><a href=\"https:\/\/kongreshistorykowjezyka2023.us.edu.pl\/wp-content\/uploads\/2022\/09\/12.jpg\" data-attachment-id=\"3947\" data-type=\"image\" class=\"fg-thumb\"><span class=\"fg-image-wrap\"><img decoding=\"async\" alt=\"Zdj\u0119cie Pani profesor\" width=\"250\" height=\"330\" class=\"skip-lazy fg-image\" data-src-fg=\"https:\/\/kongreshistorykowjezyka2023.us.edu.pl\/wp-content\/uploads\/cache\/2022\/09\/12\/2373150901.jpg\" src=\"data:image\/svg+xml,%3Csvg%20xmlns%3D%22http%3A%2F%2Fwww.w3.org%2F2000%2Fsvg%22%20width%3D%22250%22%20height%3D%22330%22%20viewBox%3D%220%200%20250%20330%22%3E%3C%2Fsvg%3E\" loading=\"eager\"><\/span><span class=\"fg-image-overlay\"><\/span><\/a><\/figure><div class=\"fg-loader\"><\/div><\/div><div class=\"fg-item fg-type-image fg-idle\"><figure class=\"fg-item-inner\"><a href=\"https:\/\/kongreshistorykowjezyka2023.us.edu.pl\/wp-content\/uploads\/2022\/09\/13.png\" data-attachment-id=\"3955\" data-type=\"image\" class=\"fg-thumb\"><span class=\"fg-image-wrap\"><img decoding=\"async\" alt=\"Zdj\u0119cie profesora\" width=\"250\" height=\"330\" class=\"skip-lazy fg-image\" data-src-fg=\"https:\/\/kongreshistorykowjezyka2023.us.edu.pl\/wp-content\/uploads\/cache\/2022\/09\/13\/2645723108.png\" src=\"data:image\/svg+xml,%3Csvg%20xmlns%3D%22http%3A%2F%2Fwww.w3.org%2F2000%2Fsvg%22%20width%3D%22250%22%20height%3D%22330%22%20viewBox%3D%220%200%20250%20330%22%3E%3C%2Fsvg%3E\" loading=\"eager\"><\/span><span class=\"fg-image-overlay\"><\/span><\/a><\/figure><div class=\"fg-loader\"><\/div><\/div><div class=\"fg-item fg-type-image fg-idle\"><figure class=\"fg-item-inner\"><a href=\"https:\/\/kongreshistorykowjezyka2023.us.edu.pl\/wp-content\/uploads\/2022\/09\/13.jpg\" data-attachment-id=\"3948\" data-type=\"image\" class=\"fg-thumb\"><span class=\"fg-image-wrap\"><img decoding=\"async\" alt=\"Zdj\u0119cie profesora\" width=\"250\" height=\"330\" class=\"skip-lazy fg-image\" data-src-fg=\"https:\/\/kongreshistorykowjezyka2023.us.edu.pl\/wp-content\/uploads\/cache\/2022\/09\/13\/4130705401.jpg\" src=\"data:image\/svg+xml,%3Csvg%20xmlns%3D%22http%3A%2F%2Fwww.w3.org%2F2000%2Fsvg%22%20width%3D%22250%22%20height%3D%22330%22%20viewBox%3D%220%200%20250%20330%22%3E%3C%2Fsvg%3E\" loading=\"eager\"><\/span><span class=\"fg-image-overlay\"><\/span><\/a><\/figure><div class=\"fg-loader\"><\/div><\/div><div class=\"fg-item fg-type-image fg-idle\"><figure class=\"fg-item-inner\"><a href=\"https:\/\/kongreshistorykowjezyka2023.us.edu.pl\/wp-content\/uploads\/2022\/09\/14.jpg\" data-attachment-id=\"3950\" data-type=\"image\" class=\"fg-thumb\"><span class=\"fg-image-wrap\"><img decoding=\"async\" alt=\"Zdj\u0119cie Pani profesor\" width=\"250\" height=\"330\" class=\"skip-lazy fg-image\" data-src-fg=\"https:\/\/kongreshistorykowjezyka2023.us.edu.pl\/wp-content\/uploads\/cache\/2022\/09\/14\/828496274.jpg\" src=\"data:image\/svg+xml,%3Csvg%20xmlns%3D%22http%3A%2F%2Fwww.w3.org%2F2000%2Fsvg%22%20width%3D%22250%22%20height%3D%22330%22%20viewBox%3D%220%200%20250%20330%22%3E%3C%2Fsvg%3E\" loading=\"eager\"><\/span><span class=\"fg-image-overlay\"><\/span><\/a><\/figure><div class=\"fg-loader\"><\/div><\/div><div class=\"fg-item fg-type-image fg-idle\"><figure class=\"fg-item-inner\"><a href=\"https:\/\/kongreshistorykowjezyka2023.us.edu.pl\/wp-content\/uploads\/2022\/09\/15.jpg\" data-attachment-id=\"3951\" data-type=\"image\" class=\"fg-thumb\"><span class=\"fg-image-wrap\"><img decoding=\"async\" alt=\"Zdj\u0119cie Pani profesor\" width=\"250\" height=\"330\" class=\"skip-lazy fg-image\" data-src-fg=\"https:\/\/kongreshistorykowjezyka2023.us.edu.pl\/wp-content\/uploads\/cache\/2022\/09\/15\/1942763478.jpg\" src=\"data:image\/svg+xml,%3Csvg%20xmlns%3D%22http%3A%2F%2Fwww.w3.org%2F2000%2Fsvg%22%20width%3D%22250%22%20height%3D%22330%22%20viewBox%3D%220%200%20250%20330%22%3E%3C%2Fsvg%3E\" loading=\"eager\"><\/span><span class=\"fg-image-overlay\"><\/span><\/a><\/figure><div class=\"fg-loader\"><\/div><\/div><div class=\"fg-item fg-type-image fg-idle\"><figure class=\"fg-item-inner\"><a href=\"https:\/\/kongreshistorykowjezyka2023.us.edu.pl\/wp-content\/uploads\/2022\/09\/16.jpg\" data-attachment-id=\"3952\" data-type=\"image\" class=\"fg-thumb\"><span class=\"fg-image-wrap\"><img decoding=\"async\" alt=\"Zdj\u0119cie Pani profesor\" width=\"250\" height=\"330\" class=\"skip-lazy fg-image\" data-src-fg=\"https:\/\/kongreshistorykowjezyka2023.us.edu.pl\/wp-content\/uploads\/cache\/2022\/09\/16\/3023701274.jpg\" src=\"data:image\/svg+xml,%3Csvg%20xmlns%3D%22http%3A%2F%2Fwww.w3.org%2F2000%2Fsvg%22%20width%3D%22250%22%20height%3D%22330%22%20viewBox%3D%220%200%20250%20330%22%3E%3C%2Fsvg%3E\" loading=\"eager\"><\/span><span class=\"fg-image-overlay\"><\/span><\/a><\/figure><div class=\"fg-loader\"><\/div><\/div><div class=\"fg-item fg-type-image fg-idle\"><figure class=\"fg-item-inner\"><a href=\"https:\/\/kongreshistorykowjezyka2023.us.edu.pl\/wp-content\/uploads\/2022\/09\/17.jpg\" data-attachment-id=\"3953\" data-type=\"image\" class=\"fg-thumb\"><span class=\"fg-image-wrap\"><img decoding=\"async\" alt=\"Zdj\u0119cie profesora\" width=\"250\" height=\"330\" class=\"skip-lazy fg-image\" data-src-fg=\"https:\/\/kongreshistorykowjezyka2023.us.edu.pl\/wp-content\/uploads\/cache\/2022\/09\/17\/4137151326.jpg\" src=\"data:image\/svg+xml,%3Csvg%20xmlns%3D%22http%3A%2F%2Fwww.w3.org%2F2000%2Fsvg%22%20width%3D%22250%22%20height%3D%22330%22%20viewBox%3D%220%200%20250%20330%22%3E%3C%2Fsvg%3E\" loading=\"eager\"><\/span><span class=\"fg-image-overlay\"><\/span><\/a><\/figure><div class=\"fg-loader\"><\/div><\/div><div class=\"fg-item fg-type-image fg-idle\"><figure class=\"fg-item-inner\"><a href=\"https:\/\/kongreshistorykowjezyka2023.us.edu.pl\/wp-content\/uploads\/2022\/09\/Cybulski.jpg\" data-attachment-id=\"4049\" data-type=\"image\" class=\"fg-thumb\"><span class=\"fg-image-wrap\"><img decoding=\"async\" alt=\"Zdj\u0119cie profesora Cybulskiego\" width=\"250\" height=\"330\" class=\"skip-lazy fg-image\" data-src-fg=\"https:\/\/kongreshistorykowjezyka2023.us.edu.pl\/wp-content\/uploads\/cache\/2022\/09\/Cybulski\/3508043919.jpg\" src=\"data:image\/svg+xml,%3Csvg%20xmlns%3D%22http%3A%2F%2Fwww.w3.org%2F2000%2Fsvg%22%20width%3D%22250%22%20height%3D%22330%22%20viewBox%3D%220%200%20250%20330%22%3E%3C%2Fsvg%3E\" loading=\"eager\"><\/span><span class=\"fg-image-overlay\"><\/span><\/a><\/figure><div class=\"fg-loader\"><\/div><\/div><\/div>\n\n","protected":false},"excerpt":{"rendered":"<p>Szanowni Pa\u0144stwo, z przyjemno\u015bci\u0105 informujemy, \u017ce w dniach 27\u201328 czerwca 2023 r. w Katowicach odb\u0119dzie si\u0119 II Kongres Historyk\u00f3w J\u0119zyka. Organizatorem tego wydarzenia naukowego jest Uniwersytet \u015al\u0105ski. Ide\u0105 Kongresu jest namys\u0142 nad problemami odnosz\u0105cymi si\u0119 do opisu i interpretacji zjawisk &hellip; <a href=\"https:\/\/kongreshistorykowjezyka2023.us.edu.pl\/index.php\/organizacja\/\">Continued<\/a><\/p>\n","protected":false},"author":1,"featured_media":0,"parent":0,"menu_order":0,"comment_status":"closed","ping_status":"closed","template":"","meta":{"_kadence_starter_templates_imported_post":false,"footnotes":""},"class_list":["post-880","page","type-page","status-publish","hentry"],"_links":{"self":[{"href":"https:\/\/kongreshistorykowjezyka2023.us.edu.pl\/index.php\/wp-json\/wp\/v2\/pages\/880","targetHints":{"allow":["GET"]}}],"collection":[{"href":"https:\/\/kongreshistorykowjezyka2023.us.edu.pl\/index.php\/wp-json\/wp\/v2\/pages"}],"about":[{"href":"https:\/\/kongreshistorykowjezyka2023.us.edu.pl\/index.php\/wp-json\/wp\/v2\/types\/page"}],"author":[{"embeddable":true,"href":"https:\/\/kongreshistorykowjezyka2023.us.edu.pl\/index.php\/wp-json\/wp\/v2\/users\/1"}],"replies":[{"embeddable":true,"href":"https:\/\/kongreshistorykowjezyka2023.us.edu.pl\/index.php\/wp-json\/wp\/v2\/comments?post=880"}],"version-history":[{"count":18,"href":"https:\/\/kongreshistorykowjezyka2023.us.edu.pl\/index.php\/wp-json\/wp\/v2\/pages\/880\/revisions"}],"predecessor-version":[{"id":4125,"href":"https:\/\/kongreshistorykowjezyka2023.us.edu.pl\/index.php\/wp-json\/wp\/v2\/pages\/880\/revisions\/4125"}],"wp:attachment":[{"href":"https:\/\/kongreshistorykowjezyka2023.us.edu.pl\/index.php\/wp-json\/wp\/v2\/media?parent=880"}],"curies":[{"name":"wp","href":"https:\/\/api.w.org\/{rel}","templated":true}]}}