{"id":4092,"date":"2023-03-01T09:43:22","date_gmt":"2023-03-01T09:43:22","guid":{"rendered":"https:\/\/kongreshistorykowjezyka2023.us.edu.pl\/?page_id=4092"},"modified":"2023-03-09T07:42:54","modified_gmt":"2023-03-09T07:42:54","slug":"wydarzenia-towarzyszace","status":"publish","type":"page","link":"https:\/\/kongreshistorykowjezyka2023.us.edu.pl\/index.php\/wydarzenia-towarzyszace\/","title":{"rendered":"Wydarzenia towarzysz\u0105ce"},"content":{"rendered":"<p><strong>I. Wizyta w CINiB-ie<\/strong><\/p>\n<p>Od renesansu do awangardy \u2013 prezentacja cennych dzie\u0142 ze zbior\u00f3w Biblioteki Uniwersytetu \u015al\u0105skiego<\/p>\n<p>Biblioteka U\u015a gromadzi zbiory specjalne (m.in. r\u0119kopisy, stare druki, zbiory graficzne i kartograficzne). Najstarszym r\u0119kopisem jest \u0142aci\u0144ska Biblia z prologami, bogato zdobiona ornamentami, powsta\u0142a oko\u0142o po\u0142owy XIII wieku na terenie Francji. Innym zabytkiem r\u0119kopi\u015bmiennym jest cyrylicka Ewangelia z pierwszej po\u0142owy XVII w., kt\u00f3ra zawiera przedmowy arcybiskupa Teofilaktesa z Ochrydy oraz aparat liturgiczny. W\u015br\u00f3d starodruk\u00f3w znajduj\u0105 si\u0119 m.in.: dzie\u0142o Maimonidesa z 1489 r., <em>Odo misse<\/em> J. Burcharda ze Strasburga z 1512 r., <em>Msza\u0142 krakowski<\/em>\u00a0 z 1545 r., bogato ilustrowane drzeworytami <em>Biblia Leopolity<\/em> (1575 r.) oraz <em>Postylla<\/em> Wujka (1584 r.). Z tymi i innymi zabytkami pi\u015bmiennictwa uczestnicy II Kongresu Historyk\u00f3w J\u0119zyka b\u0119d\u0105 mogli si\u0119 zapozna\u0107 podczas spotkania w bibliotece akademickiej, kt\u00f3re zaplanowano jako podsumowanie pierwszego dnia obrad.<\/p>\n<p>Zach\u0119camy do zapoznania si\u0119 z bli\u017csz\u0105 prezentacj\u0105 zbior\u00f3w specjalnych Biblioteki Uniwersytetu \u015al\u0105skiego \u2013 tekst dr Marzeny Smy\u0142\u0142y jest dost\u0119pny pod adresem internetowym: <a href=\"https:\/\/rebus.us.edu.pl\/bitstream\/20.500.12128\/11490\/1\/Smylla_%20Zbiory_specjalne.pdf\">https:\/\/rebus.us.edu.pl\/bitstream\/20.500.12128\/11490\/1\/Smylla_%20Zbiory_specjalne.pdf<\/a><\/p>\n<p>&nbsp;<\/p>\n<style type=\"text\/css\">\n#foogallery-gallery-4098 .fg-image { width: 400px; }\n#foogallery-gallery-4098 { --fg-gutter: 10px; }<\/style>\n\t\t\t<div class=\"foogallery foogallery-container foogallery-default foogallery-lightbox-foobox fg-center fg-default fg-ready fg-light fg-border-thin fg-shadow-outline fg-loading-default fg-loaded-fade-in fg-caption-hover fg-hover-fade fg-hover-zoom\" id=\"foogallery-gallery-4098\" data-foogallery=\"{&quot;item&quot;:{&quot;showCaptionTitle&quot;:true,&quot;showCaptionDescription&quot;:true},&quot;lazy&quot;:true}\" style=\"--fg-title-line-clamp: 0; --fg-description-line-clamp: 0;\" >\n\t<div class=\"fg-item fg-type-image fg-idle\"><figure class=\"fg-item-inner\"><a href=\"https:\/\/kongreshistorykowjezyka2023.us.edu.pl\/wp-content\/uploads\/2023\/03\/CINIBA2.jpg\" data-attachment-id=\"4097\" data-type=\"image\" class=\"fg-thumb\"><span class=\"fg-image-wrap\"><img fetchpriority=\"high\" decoding=\"async\" alt=\"CINIBA zdj\u0119cie\" width=\"400\" height=\"255\" class=\"skip-lazy fg-image\" data-src-fg=\"https:\/\/kongreshistorykowjezyka2023.us.edu.pl\/wp-content\/uploads\/cache\/2023\/03\/CINIBA2\/2979927419.jpg\" src=\"data:image\/svg+xml,%3Csvg%20xmlns%3D%22http%3A%2F%2Fwww.w3.org%2F2000%2Fsvg%22%20width%3D%22400%22%20height%3D%22255%22%20viewBox%3D%220%200%20400%20255%22%3E%3C%2Fsvg%3E\" loading=\"eager\"><\/span><span class=\"fg-image-overlay\"><\/span><\/a><\/figure><div class=\"fg-loader\"><\/div><\/div><div class=\"fg-item fg-type-image fg-idle\"><figure class=\"fg-item-inner\"><a href=\"https:\/\/kongreshistorykowjezyka2023.us.edu.pl\/wp-content\/uploads\/2023\/03\/CINIBA1.jpg\" data-attachment-id=\"4096\" data-type=\"image\" class=\"fg-thumb\"><span class=\"fg-image-wrap\"><img decoding=\"async\" alt=\"CINIBA zdj\u0119cie\" width=\"400\" height=\"255\" class=\"skip-lazy fg-image\" data-src-fg=\"https:\/\/kongreshistorykowjezyka2023.us.edu.pl\/wp-content\/uploads\/cache\/2023\/03\/CINIBA1\/1831623260.jpg\" src=\"data:image\/svg+xml,%3Csvg%20xmlns%3D%22http%3A%2F%2Fwww.w3.org%2F2000%2Fsvg%22%20width%3D%22400%22%20height%3D%22255%22%20viewBox%3D%220%200%20400%20255%22%3E%3C%2Fsvg%3E\" loading=\"eager\"><\/span><span class=\"fg-image-overlay\"><\/span><\/a><\/figure><div class=\"fg-loader\"><\/div><\/div><\/div>\n\n<p>&nbsp;<\/p>\n<p><strong>II. Wizyta w Muzeum \u015al\u0105skim<\/strong><\/p>\n<p>Skond my som? czyli historia i kultura G\u00f3rnego \u015al\u0105ska w pigu\u0142ce<\/p>\n<p>Czym zajmowa\u0142a si\u0119 Grupa Janowska? Dlaczego \u015bw. Barbara jest patronk\u0105 g\u00f3rnik\u00f3w? Kim by\u0142 \u015bl\u0105ski Steve Jobs? Gdzie produkowano s\u0142ynnego malucha? Czym jest polterabend? I kim s\u0105 dzisiaj G\u00f3rno\u015bl\u0105zacy? \u015acie\u017cka o charakterze regionalnym to idealna propozycja dla os\u00f3b, kt\u00f3re chc\u0105 pozna\u0107 bli\u017cej skomplikowan\u0105 histori\u0119 G\u00f3rnego \u015al\u0105ska, a tak\u017ce tutejsze zwyczaje, tradycj\u0119 i kultur\u0119. W trakcie zwiedzania zobaczymy wzbudzaj\u0105c\u0105 najwi\u0119ksze zainteresowanie wystaw\u0119 \u201e\u015awiat\u0142o historii. G\u00f3rny \u015al\u0105sk na przestrzeni dziej\u00f3w\u201d. Przedstawimy Pa\u0144stwu r\u00f3wnie\u017c unikatow\u0105 kolekcj\u0119 Galerii plastyki nieprofesjonalnej i Galerii \u015bl\u0105skiej sztuki sakralnej.<\/p>\n<p>&nbsp;<\/p>\n<style type=\"text\/css\">\n#foogallery-gallery-4099 .fg-image { width: 350px; }\n#foogallery-gallery-4099 { --fg-gutter: 10px; }<\/style>\n\t\t\t<div class=\"foogallery foogallery-container foogallery-default foogallery-lightbox-foobox fg-center fg-default fg-ready fg-light fg-border-thin fg-shadow-outline fg-loading-default fg-loaded-fade-in fg-caption-hover fg-hover-fade fg-hover-zoom\" id=\"foogallery-gallery-4099\" data-foogallery=\"{&quot;item&quot;:{&quot;showCaptionTitle&quot;:true,&quot;showCaptionDescription&quot;:true},&quot;lazy&quot;:true}\" style=\"--fg-title-line-clamp: 0; --fg-description-line-clamp: 0;\" >\n\t<div class=\"fg-item fg-type-image fg-idle\"><figure class=\"fg-item-inner\"><a href=\"https:\/\/kongreshistorykowjezyka2023.us.edu.pl\/wp-content\/uploads\/2023\/03\/MS1.jpg\" data-attachment-id=\"4100\" data-type=\"image\" class=\"fg-thumb\"><span class=\"fg-image-wrap\"><img decoding=\"async\" alt=\"Muzeum \u015al\u0105skie\" width=\"350\" height=\"250\" class=\"skip-lazy fg-image\" data-src-fg=\"https:\/\/kongreshistorykowjezyka2023.us.edu.pl\/wp-content\/uploads\/cache\/2023\/03\/MS1\/3771828722.jpg\" src=\"data:image\/svg+xml,%3Csvg%20xmlns%3D%22http%3A%2F%2Fwww.w3.org%2F2000%2Fsvg%22%20width%3D%22350%22%20height%3D%22250%22%20viewBox%3D%220%200%20350%20250%22%3E%3C%2Fsvg%3E\" loading=\"eager\"><\/span><span class=\"fg-image-overlay\"><\/span><\/a><\/figure><div class=\"fg-loader\"><\/div><\/div><div class=\"fg-item fg-type-image fg-idle\"><figure class=\"fg-item-inner\"><a href=\"https:\/\/kongreshistorykowjezyka2023.us.edu.pl\/wp-content\/uploads\/2023\/03\/MS2.jpg\" data-attachment-id=\"4101\" data-type=\"image\" class=\"fg-thumb\"><span class=\"fg-image-wrap\"><img decoding=\"async\" alt=\"Muzeum \u015al\u0105skie\" width=\"350\" height=\"250\" class=\"skip-lazy fg-image\" data-src-fg=\"https:\/\/kongreshistorykowjezyka2023.us.edu.pl\/wp-content\/uploads\/cache\/2023\/03\/MS2\/148288053.jpg\" src=\"data:image\/svg+xml,%3Csvg%20xmlns%3D%22http%3A%2F%2Fwww.w3.org%2F2000%2Fsvg%22%20width%3D%22350%22%20height%3D%22250%22%20viewBox%3D%220%200%20350%20250%22%3E%3C%2Fsvg%3E\" loading=\"eager\"><\/span><span class=\"fg-image-overlay\"><\/span><\/a><\/figure><div class=\"fg-loader\"><\/div><\/div><div class=\"fg-item fg-type-image fg-idle\"><figure class=\"fg-item-inner\"><a href=\"https:\/\/kongreshistorykowjezyka2023.us.edu.pl\/wp-content\/uploads\/2023\/03\/MS3.jpg\" data-attachment-id=\"4102\" data-type=\"image\" class=\"fg-thumb\"><span class=\"fg-image-wrap\"><img decoding=\"async\" alt=\"Muzeum \u015al\u0105skie\" width=\"350\" height=\"250\" class=\"skip-lazy fg-image\" data-src-fg=\"https:\/\/kongreshistorykowjezyka2023.us.edu.pl\/wp-content\/uploads\/cache\/2023\/03\/MS3\/1877276359.jpg\" src=\"data:image\/svg+xml,%3Csvg%20xmlns%3D%22http%3A%2F%2Fwww.w3.org%2F2000%2Fsvg%22%20width%3D%22350%22%20height%3D%22250%22%20viewBox%3D%220%200%20350%20250%22%3E%3C%2Fsvg%3E\" loading=\"eager\"><\/span><span class=\"fg-image-overlay\"><\/span><\/a><\/figure><div class=\"fg-loader\"><\/div><\/div><div class=\"fg-item fg-type-image fg-idle\"><figure class=\"fg-item-inner\"><a href=\"https:\/\/kongreshistorykowjezyka2023.us.edu.pl\/wp-content\/uploads\/2023\/03\/MS4.jpg\" data-attachment-id=\"4103\" data-type=\"image\" class=\"fg-thumb\"><span class=\"fg-image-wrap\"><img decoding=\"async\" alt=\"Muzeum \u015al\u0105skie\" width=\"350\" height=\"250\" class=\"skip-lazy fg-image\" data-src-fg=\"https:\/\/kongreshistorykowjezyka2023.us.edu.pl\/wp-content\/uploads\/cache\/2023\/03\/MS4\/61457402.jpg\" src=\"data:image\/svg+xml,%3Csvg%20xmlns%3D%22http%3A%2F%2Fwww.w3.org%2F2000%2Fsvg%22%20width%3D%22350%22%20height%3D%22250%22%20viewBox%3D%220%200%20350%20250%22%3E%3C%2Fsvg%3E\" loading=\"eager\"><\/span><span class=\"fg-image-overlay\"><\/span><\/a><\/figure><div class=\"fg-loader\"><\/div><\/div><div class=\"fg-item fg-type-image fg-idle\"><figure class=\"fg-item-inner\"><a href=\"https:\/\/kongreshistorykowjezyka2023.us.edu.pl\/wp-content\/uploads\/2023\/03\/MS5.jpg\" data-attachment-id=\"4104\" data-type=\"image\" class=\"fg-thumb\"><span class=\"fg-image-wrap\"><img decoding=\"async\" alt=\"Muzeum \u015al\u0105skie\" width=\"350\" height=\"250\" class=\"skip-lazy fg-image\" data-src-fg=\"https:\/\/kongreshistorykowjezyka2023.us.edu.pl\/wp-content\/uploads\/cache\/2023\/03\/MS5\/634024409.jpg\" src=\"data:image\/svg+xml,%3Csvg%20xmlns%3D%22http%3A%2F%2Fwww.w3.org%2F2000%2Fsvg%22%20width%3D%22350%22%20height%3D%22250%22%20viewBox%3D%220%200%20350%20250%22%3E%3C%2Fsvg%3E\" loading=\"eager\"><\/span><span class=\"fg-image-overlay\"><\/span><\/a><\/figure><div class=\"fg-loader\"><\/div><\/div><div class=\"fg-item fg-type-image fg-idle\"><figure class=\"fg-item-inner\"><a href=\"https:\/\/kongreshistorykowjezyka2023.us.edu.pl\/wp-content\/uploads\/2023\/03\/MS7.jpg\" data-attachment-id=\"4105\" data-type=\"image\" class=\"fg-thumb\"><span class=\"fg-image-wrap\"><img decoding=\"async\" alt=\"Muzeum \u015al\u0105skie\" width=\"350\" height=\"250\" class=\"skip-lazy fg-image\" data-src-fg=\"https:\/\/kongreshistorykowjezyka2023.us.edu.pl\/wp-content\/uploads\/cache\/2023\/03\/MS7\/23546496.jpg\" src=\"data:image\/svg+xml,%3Csvg%20xmlns%3D%22http%3A%2F%2Fwww.w3.org%2F2000%2Fsvg%22%20width%3D%22350%22%20height%3D%22250%22%20viewBox%3D%220%200%20350%20250%22%3E%3C%2Fsvg%3E\" loading=\"eager\"><\/span><span class=\"fg-image-overlay\"><\/span><\/a><\/figure><div class=\"fg-loader\"><\/div><\/div><div class=\"fg-item fg-type-image fg-idle\"><figure class=\"fg-item-inner\"><a href=\"https:\/\/kongreshistorykowjezyka2023.us.edu.pl\/wp-content\/uploads\/2023\/03\/MS8.jpg\" data-attachment-id=\"4106\" data-type=\"image\" class=\"fg-thumb\"><span class=\"fg-image-wrap\"><img decoding=\"async\" alt=\"Muzeum \u015al\u0105skie\" width=\"350\" height=\"250\" class=\"skip-lazy fg-image\" data-src-fg=\"https:\/\/kongreshistorykowjezyka2023.us.edu.pl\/wp-content\/uploads\/cache\/2023\/03\/MS8\/1944001600.jpg\" src=\"data:image\/svg+xml,%3Csvg%20xmlns%3D%22http%3A%2F%2Fwww.w3.org%2F2000%2Fsvg%22%20width%3D%22350%22%20height%3D%22250%22%20viewBox%3D%220%200%20350%20250%22%3E%3C%2Fsvg%3E\" loading=\"eager\"><\/span><span class=\"fg-image-overlay\"><\/span><\/a><\/figure><div class=\"fg-loader\"><\/div><\/div><div class=\"fg-item fg-type-image fg-idle\"><figure class=\"fg-item-inner\"><a href=\"https:\/\/kongreshistorykowjezyka2023.us.edu.pl\/wp-content\/uploads\/2023\/03\/MS9.jpg\" data-attachment-id=\"4107\" data-type=\"image\" class=\"fg-thumb\"><span class=\"fg-image-wrap\"><img decoding=\"async\" alt=\"Muzeum \u015al\u0105skie\" width=\"350\" height=\"250\" class=\"skip-lazy fg-image\" data-src-fg=\"https:\/\/kongreshistorykowjezyka2023.us.edu.pl\/wp-content\/uploads\/cache\/2023\/03\/MS9\/3657244922.jpg\" src=\"data:image\/svg+xml,%3Csvg%20xmlns%3D%22http%3A%2F%2Fwww.w3.org%2F2000%2Fsvg%22%20width%3D%22350%22%20height%3D%22250%22%20viewBox%3D%220%200%20350%20250%22%3E%3C%2Fsvg%3E\" loading=\"eager\"><\/span><span class=\"fg-image-overlay\"><\/span><\/a><\/figure><div class=\"fg-loader\"><\/div><\/div><div class=\"fg-item fg-type-image fg-idle\"><figure class=\"fg-item-inner\"><a href=\"https:\/\/kongreshistorykowjezyka2023.us.edu.pl\/wp-content\/uploads\/2023\/03\/MS6.jpg\" data-attachment-id=\"4111\" data-type=\"image\" class=\"fg-thumb\"><span class=\"fg-image-wrap\"><img decoding=\"async\" alt=\"Muzeum \u015al\u0105skie\" width=\"350\" height=\"250\" class=\"skip-lazy fg-image\" data-src-fg=\"https:\/\/kongreshistorykowjezyka2023.us.edu.pl\/wp-content\/uploads\/cache\/2023\/03\/MS6\/2969161762.jpg\" src=\"data:image\/svg+xml,%3Csvg%20xmlns%3D%22http%3A%2F%2Fwww.w3.org%2F2000%2Fsvg%22%20width%3D%22350%22%20height%3D%22250%22%20viewBox%3D%220%200%20350%20250%22%3E%3C%2Fsvg%3E\" loading=\"eager\"><\/span><span class=\"fg-image-overlay\"><\/span><\/a><\/figure><div class=\"fg-loader\"><\/div><\/div><\/div>\n\n<p>&nbsp;<\/p>\n<p>&nbsp;<\/p>\n<p>&nbsp;<\/p>\n<p>&nbsp;<\/p>\n<p>&nbsp;<\/p>\n","protected":false},"excerpt":{"rendered":"<p>I. Wizyta w CINiB-ie Od renesansu do awangardy \u2013 prezentacja cennych dzie\u0142 ze zbior\u00f3w Biblioteki Uniwersytetu \u015al\u0105skiego Biblioteka U\u015a gromadzi zbiory specjalne (m.in. r\u0119kopisy, stare druki, zbiory graficzne i kartograficzne). Najstarszym r\u0119kopisem jest \u0142aci\u0144ska Biblia z prologami, bogato zdobiona ornamentami, &hellip; <a href=\"https:\/\/kongreshistorykowjezyka2023.us.edu.pl\/index.php\/wydarzenia-towarzyszace\/\">Continued<\/a><\/p>\n","protected":false},"author":1,"featured_media":0,"parent":0,"menu_order":0,"comment_status":"closed","ping_status":"closed","template":"","meta":{"_kadence_starter_templates_imported_post":false,"footnotes":""},"class_list":["post-4092","page","type-page","status-publish","hentry"],"_links":{"self":[{"href":"https:\/\/kongreshistorykowjezyka2023.us.edu.pl\/index.php\/wp-json\/wp\/v2\/pages\/4092","targetHints":{"allow":["GET"]}}],"collection":[{"href":"https:\/\/kongreshistorykowjezyka2023.us.edu.pl\/index.php\/wp-json\/wp\/v2\/pages"}],"about":[{"href":"https:\/\/kongreshistorykowjezyka2023.us.edu.pl\/index.php\/wp-json\/wp\/v2\/types\/page"}],"author":[{"embeddable":true,"href":"https:\/\/kongreshistorykowjezyka2023.us.edu.pl\/index.php\/wp-json\/wp\/v2\/users\/1"}],"replies":[{"embeddable":true,"href":"https:\/\/kongreshistorykowjezyka2023.us.edu.pl\/index.php\/wp-json\/wp\/v2\/comments?post=4092"}],"version-history":[{"count":5,"href":"https:\/\/kongreshistorykowjezyka2023.us.edu.pl\/index.php\/wp-json\/wp\/v2\/pages\/4092\/revisions"}],"predecessor-version":[{"id":4112,"href":"https:\/\/kongreshistorykowjezyka2023.us.edu.pl\/index.php\/wp-json\/wp\/v2\/pages\/4092\/revisions\/4112"}],"wp:attachment":[{"href":"https:\/\/kongreshistorykowjezyka2023.us.edu.pl\/index.php\/wp-json\/wp\/v2\/media?parent=4092"}],"curies":[{"name":"wp","href":"https:\/\/api.w.org\/{rel}","templated":true}]}}